{"id":68141,"date":"2025-11-13T00:24:33","date_gmt":"2025-11-12T23:24:33","guid":{"rendered":"https:\/\/skyddaskogen.se\/team\/marina-ilaria\/"},"modified":"2026-03-25T20:27:44","modified_gmt":"2026-03-25T19:27:44","slug":"marina-ilaria","status":"publish","type":"cpt_team","link":"https:\/\/skyddaskogen.se\/de\/team\/marina-ilaria\/","title":{"rendered":"Marina Ilaria"},"content":{"rendered":"\n<p>Marina hat auf vielf\u00e4ltige Weise f\u00fcr den Wald gearbeitet, durch wissenschaftliche Gutachten und Schriften, das Verfassen von Dokumentationen f\u00fcr Kampagnen und tiefgehenden investigativen Journalismus. Sie war au\u00dferdem Kommunikatorin bei der Forest Rebellion 2021-22 t\u00e4tig und arbeitete seit 2021 im Cloudberry Collective, das antikoloniale Arbeit in Europa mit besonderem Schwerpunkt auf S\u00e1pmi unterst\u00fctzt. Marina widmet sich au\u00dferdem Klimagerechtigkeit und Menschenrechten.  <\/p>\n\n<p>Sie verf\u00fcgt \u00fcber eine breite Grundlage in kreativen Werkzeugen (Schreiben, Design, Fotografie, Illustration und Video), die sie nutzt, um Klimagerechtigkeitsperspektiven sowie den Widerstand und die Befreiung der Menschen zu ber\u00fchren, herauszufordern und zu untersuchen. Der Wald und das Meer waren schon immer nah beieinander, und das Aufwachsen auf dem Land und im Einklang mit den Jahreszeiten hat Marina und ihr Engagement gepr\u00e4gt. Indem sie schon fr\u00fch Umweltzerst\u00f6rungen und entmenschlichende Angriffe in ihrer Umgebung miterlebte, begann sie, die sozialen Strukturen zu hinterfragen und zu entdecken, die lebenden W\u00e4ldern und gesunden Ozeanen entgegenwirken.  <\/p>\n\n<p>Marina verf\u00fcgt \u00fcber einen interdisziplin\u00e4ren akademischen Hintergrund, der Soziologie, Geschichte, Postkolonialismus, Fl\u00fcchtlingsrechte und -narrative, Umweltwissenschaften und Geschlechterstudien in den Kursen BA English mit Kreativem Schreiben und MA in Vergleichender Literaturwissenschaft umfasst. Marina studiert au\u00dferdem einen MSc Klimagerechtigkeit, in dem sie F\u00e4cher aus Menschenrechts- und Umweltwissenschaften behandelt. <\/p>\n\n<p><\/p>\n","protected":false},"excerpt":{"rendered":"<p>Marina hat auf vielf\u00e4ltige Weise f\u00fcr den Wald gearbeitet, durch wissenschaftliche Gutachten und Schriften, das Verfassen von Dokumentationen f\u00fcr Kampagnen und tiefgehenden investigativen Journalismus. Sie war au\u00dferdem Kommunikatorin bei der&hellip;<\/p>\n","protected":false},"author":32,"featured_media":36141,"comment_status":"closed","ping_status":"closed","template":"","cpt_team_group":[1495],"class_list":["post-68141","cpt_team","type-cpt_team","status-publish","has-post-thumbnail","hentry","cpt_team_group-brett"],"yoast_head":"<!-- This site is optimized with the Yoast SEO plugin v27.4 - https:\/\/yoast.com\/product\/yoast-seo-wordpress\/ -->\n<title>Marina Ilaria - Sch\u00fczt den wald<\/title>\n<meta name=\"robots\" content=\"index, follow, max-snippet:-1, max-image-preview:large, max-video-preview:-1\" \/>\n<link rel=\"canonical\" href=\"https:\/\/skyddaskogen.se\/de\/team\/marina-ilaria\/\" \/>\n<meta property=\"og:locale\" content=\"de_DE\" \/>\n<meta property=\"og:type\" content=\"article\" \/>\n<meta property=\"og:title\" content=\"Marina Ilaria - Sch\u00fczt den wald\" \/>\n<meta property=\"og:description\" content=\"Marina hat auf vielf\u00e4ltige Weise f\u00fcr den Wald gearbeitet, durch wissenschaftliche Gutachten und Schriften, das Verfassen von Dokumentationen f\u00fcr Kampagnen und tiefgehenden investigativen Journalismus. Sie war au\u00dferdem Kommunikatorin bei der&hellip;\" \/>\n<meta property=\"og:url\" content=\"https:\/\/skyddaskogen.se\/de\/team\/marina-ilaria\/\" \/>\n<meta property=\"og:site_name\" content=\"Sch\u00fczt den wald\" \/>\n<meta property=\"article:publisher\" content=\"https:\/\/www.facebook.com\/groups\/54996954022\/\" \/>\n<meta property=\"article:modified_time\" content=\"2026-03-25T19:27:44+00:00\" \/>\n<meta property=\"og:image\" content=\"https:\/\/skyddaskogen.se\/wp-content\/uploads\/2024\/05\/cropped-image-19-3.png\" \/>\n\t<meta property=\"og:image:width\" content=\"298\" \/>\n\t<meta property=\"og:image:height\" content=\"298\" \/>\n\t<meta property=\"og:image:type\" content=\"image\/png\" \/>\n<meta name=\"twitter:card\" content=\"summary_large_image\" \/>\n<meta name=\"twitter:site\" content=\"@skyddaskogen\" \/>\n<meta name=\"twitter:label1\" content=\"Gesch\u00e4tzte Lesezeit\" \/>\n\t<meta name=\"twitter:data1\" content=\"2\u00a0Minuten\" \/>\n<script type=\"application\/ld+json\" class=\"yoast-schema-graph\">{\"@context\":\"https:\\\/\\\/schema.org\",\"@graph\":[{\"@type\":\"WebPage\",\"@id\":\"https:\\\/\\\/skyddaskogen.se\\\/de\\\/team\\\/marina-ilaria\\\/\",\"url\":\"https:\\\/\\\/skyddaskogen.se\\\/de\\\/team\\\/marina-ilaria\\\/\",\"name\":\"Marina Ilaria - Sch\u00fczt den wald\",\"isPartOf\":{\"@id\":\"https:\\\/\\\/skyddaskogen.se\\\/#website\"},\"primaryImageOfPage\":{\"@id\":\"https:\\\/\\\/skyddaskogen.se\\\/de\\\/team\\\/marina-ilaria\\\/#primaryimage\"},\"image\":{\"@id\":\"https:\\\/\\\/skyddaskogen.se\\\/de\\\/team\\\/marina-ilaria\\\/#primaryimage\"},\"thumbnailUrl\":\"https:\\\/\\\/skyddaskogen.se\\\/wp-content\\\/uploads\\\/2024\\\/05\\\/cropped-image-19-3.png\",\"datePublished\":\"2025-11-12T23:24:33+00:00\",\"dateModified\":\"2026-03-25T19:27:44+00:00\",\"breadcrumb\":{\"@id\":\"https:\\\/\\\/skyddaskogen.se\\\/de\\\/team\\\/marina-ilaria\\\/#breadcrumb\"},\"inLanguage\":\"de\",\"potentialAction\":[{\"@type\":\"ReadAction\",\"target\":[\"https:\\\/\\\/skyddaskogen.se\\\/de\\\/team\\\/marina-ilaria\\\/\"]}]},{\"@type\":\"ImageObject\",\"inLanguage\":\"de\",\"@id\":\"https:\\\/\\\/skyddaskogen.se\\\/de\\\/team\\\/marina-ilaria\\\/#primaryimage\",\"url\":\"https:\\\/\\\/skyddaskogen.se\\\/wp-content\\\/uploads\\\/2024\\\/05\\\/cropped-image-19-3.png\",\"contentUrl\":\"https:\\\/\\\/skyddaskogen.se\\\/wp-content\\\/uploads\\\/2024\\\/05\\\/cropped-image-19-3.png\",\"width\":298,\"height\":298},{\"@type\":\"BreadcrumbList\",\"@id\":\"https:\\\/\\\/skyddaskogen.se\\\/de\\\/team\\\/marina-ilaria\\\/#breadcrumb\",\"itemListElement\":[{\"@type\":\"ListItem\",\"position\":1,\"name\":\"Home\",\"item\":\"https:\\\/\\\/skyddaskogen.se\\\/de\\\/schutzen-sie-den-wald\\\/\"},{\"@type\":\"ListItem\",\"position\":2,\"name\":\"Team\",\"item\":\"https:\\\/\\\/skyddaskogen.se\\\/team\\\/\"},{\"@type\":\"ListItem\",\"position\":3,\"name\":\"Marina Ilaria\"}]},{\"@type\":\"WebSite\",\"@id\":\"https:\\\/\\\/skyddaskogen.se\\\/#website\",\"url\":\"https:\\\/\\\/skyddaskogen.se\\\/\",\"name\":\"Skydda Skogen\",\"description\":\"Zum Schutz alter W\u00e4lder und nat\u00fcrlicher Bauernh\u00f6fe\",\"publisher\":{\"@id\":\"https:\\\/\\\/skyddaskogen.se\\\/#organization\"},\"potentialAction\":[{\"@type\":\"SearchAction\",\"target\":{\"@type\":\"EntryPoint\",\"urlTemplate\":\"https:\\\/\\\/skyddaskogen.se\\\/?s={search_term_string}\"},\"query-input\":{\"@type\":\"PropertyValueSpecification\",\"valueRequired\":true,\"valueName\":\"search_term_string\"}}],\"inLanguage\":\"de\"},{\"@type\":\"Organization\",\"@id\":\"https:\\\/\\\/skyddaskogen.se\\\/#organization\",\"name\":\"Skydda Skogen\",\"url\":\"https:\\\/\\\/skyddaskogen.se\\\/\",\"logo\":{\"@type\":\"ImageObject\",\"inLanguage\":\"de\",\"@id\":\"https:\\\/\\\/skyddaskogen.se\\\/#\\\/schema\\\/logo\\\/image\\\/\",\"url\":\"https:\\\/\\\/skyddaskogen.se\\\/wp-content\\\/uploads\\\/2020\\\/09\\\/skyddaskogen.se_favicon-1.png\",\"contentUrl\":\"https:\\\/\\\/skyddaskogen.se\\\/wp-content\\\/uploads\\\/2020\\\/09\\\/skyddaskogen.se_favicon-1.png\",\"width\":256,\"height\":256,\"caption\":\"Skydda Skogen\"},\"image\":{\"@id\":\"https:\\\/\\\/skyddaskogen.se\\\/#\\\/schema\\\/logo\\\/image\\\/\"},\"sameAs\":[\"https:\\\/\\\/www.facebook.com\\\/groups\\\/54996954022\\\/\",\"https:\\\/\\\/x.com\\\/skyddaskogen\",\"https:\\\/\\\/www.instagram.com\\\/skyddaskogen\\\/\",\"https:\\\/\\\/www.youtube.com\\\/channel\\\/UCHJVIc9sptUj-qPek3Imitw\"]}]}<\/script>\n<!-- \/ Yoast SEO plugin. -->","yoast_head_json":{"title":"Marina Ilaria - Sch\u00fczt den wald","robots":{"index":"index","follow":"follow","max-snippet":"max-snippet:-1","max-image-preview":"max-image-preview:large","max-video-preview":"max-video-preview:-1"},"canonical":"https:\/\/skyddaskogen.se\/de\/team\/marina-ilaria\/","og_locale":"de_DE","og_type":"article","og_title":"Marina Ilaria - Sch\u00fczt den wald","og_description":"Marina hat auf vielf\u00e4ltige Weise f\u00fcr den Wald gearbeitet, durch wissenschaftliche Gutachten und Schriften, das Verfassen von Dokumentationen f\u00fcr Kampagnen und tiefgehenden investigativen Journalismus. Sie war au\u00dferdem Kommunikatorin bei der&hellip;","og_url":"https:\/\/skyddaskogen.se\/de\/team\/marina-ilaria\/","og_site_name":"Sch\u00fczt den wald","article_publisher":"https:\/\/www.facebook.com\/groups\/54996954022\/","article_modified_time":"2026-03-25T19:27:44+00:00","og_image":[{"width":298,"height":298,"url":"https:\/\/skyddaskogen.se\/wp-content\/uploads\/2024\/05\/cropped-image-19-3.png","type":"image\/png"}],"twitter_card":"summary_large_image","twitter_site":"@skyddaskogen","twitter_misc":{"Gesch\u00e4tzte Lesezeit":"2\u00a0Minuten"},"schema":{"@context":"https:\/\/schema.org","@graph":[{"@type":"WebPage","@id":"https:\/\/skyddaskogen.se\/de\/team\/marina-ilaria\/","url":"https:\/\/skyddaskogen.se\/de\/team\/marina-ilaria\/","name":"Marina Ilaria - Sch\u00fczt den wald","isPartOf":{"@id":"https:\/\/skyddaskogen.se\/#website"},"primaryImageOfPage":{"@id":"https:\/\/skyddaskogen.se\/de\/team\/marina-ilaria\/#primaryimage"},"image":{"@id":"https:\/\/skyddaskogen.se\/de\/team\/marina-ilaria\/#primaryimage"},"thumbnailUrl":"https:\/\/skyddaskogen.se\/wp-content\/uploads\/2024\/05\/cropped-image-19-3.png","datePublished":"2025-11-12T23:24:33+00:00","dateModified":"2026-03-25T19:27:44+00:00","breadcrumb":{"@id":"https:\/\/skyddaskogen.se\/de\/team\/marina-ilaria\/#breadcrumb"},"inLanguage":"de","potentialAction":[{"@type":"ReadAction","target":["https:\/\/skyddaskogen.se\/de\/team\/marina-ilaria\/"]}]},{"@type":"ImageObject","inLanguage":"de","@id":"https:\/\/skyddaskogen.se\/de\/team\/marina-ilaria\/#primaryimage","url":"https:\/\/skyddaskogen.se\/wp-content\/uploads\/2024\/05\/cropped-image-19-3.png","contentUrl":"https:\/\/skyddaskogen.se\/wp-content\/uploads\/2024\/05\/cropped-image-19-3.png","width":298,"height":298},{"@type":"BreadcrumbList","@id":"https:\/\/skyddaskogen.se\/de\/team\/marina-ilaria\/#breadcrumb","itemListElement":[{"@type":"ListItem","position":1,"name":"Home","item":"https:\/\/skyddaskogen.se\/de\/schutzen-sie-den-wald\/"},{"@type":"ListItem","position":2,"name":"Team","item":"https:\/\/skyddaskogen.se\/team\/"},{"@type":"ListItem","position":3,"name":"Marina Ilaria"}]},{"@type":"WebSite","@id":"https:\/\/skyddaskogen.se\/#website","url":"https:\/\/skyddaskogen.se\/","name":"Skydda Skogen","description":"Zum Schutz alter W\u00e4lder und nat\u00fcrlicher Bauernh\u00f6fe","publisher":{"@id":"https:\/\/skyddaskogen.se\/#organization"},"potentialAction":[{"@type":"SearchAction","target":{"@type":"EntryPoint","urlTemplate":"https:\/\/skyddaskogen.se\/?s={search_term_string}"},"query-input":{"@type":"PropertyValueSpecification","valueRequired":true,"valueName":"search_term_string"}}],"inLanguage":"de"},{"@type":"Organization","@id":"https:\/\/skyddaskogen.se\/#organization","name":"Skydda Skogen","url":"https:\/\/skyddaskogen.se\/","logo":{"@type":"ImageObject","inLanguage":"de","@id":"https:\/\/skyddaskogen.se\/#\/schema\/logo\/image\/","url":"https:\/\/skyddaskogen.se\/wp-content\/uploads\/2020\/09\/skyddaskogen.se_favicon-1.png","contentUrl":"https:\/\/skyddaskogen.se\/wp-content\/uploads\/2020\/09\/skyddaskogen.se_favicon-1.png","width":256,"height":256,"caption":"Skydda Skogen"},"image":{"@id":"https:\/\/skyddaskogen.se\/#\/schema\/logo\/image\/"},"sameAs":["https:\/\/www.facebook.com\/groups\/54996954022\/","https:\/\/x.com\/skyddaskogen","https:\/\/www.instagram.com\/skyddaskogen\/","https:\/\/www.youtube.com\/channel\/UCHJVIc9sptUj-qPek3Imitw"]}]}},"_links":{"self":[{"href":"https:\/\/skyddaskogen.se\/de\/wp-json\/wp\/v2\/cpt_team\/68141","targetHints":{"allow":["GET"]}}],"collection":[{"href":"https:\/\/skyddaskogen.se\/de\/wp-json\/wp\/v2\/cpt_team"}],"about":[{"href":"https:\/\/skyddaskogen.se\/de\/wp-json\/wp\/v2\/types\/cpt_team"}],"author":[{"embeddable":true,"href":"https:\/\/skyddaskogen.se\/de\/wp-json\/wp\/v2\/users\/32"}],"replies":[{"embeddable":true,"href":"https:\/\/skyddaskogen.se\/de\/wp-json\/wp\/v2\/comments?post=68141"}],"wp:featuredmedia":[{"embeddable":true,"href":"https:\/\/skyddaskogen.se\/de\/wp-json\/wp\/v2\/media\/36141"}],"wp:attachment":[{"href":"https:\/\/skyddaskogen.se\/de\/wp-json\/wp\/v2\/media?parent=68141"}],"wp:term":[{"taxonomy":"cpt_team_group","embeddable":true,"href":"https:\/\/skyddaskogen.se\/de\/wp-json\/wp\/v2\/cpt_team_group?post=68141"}],"curies":[{"name":"wp","href":"https:\/\/api.w.org\/{rel}","templated":true}]}}

<p>Marina hat auf vielfältige Weise für den Wald gearbeitet, durch wissenschaftliche Gutachten und Schriften, das Verfassen von Dokumentationen für Kampagnen und tiefgehenden investigativen Journalismus. Sie war außerdem Kommunikatorin bei der Forest Rebellion 2021-22 tätig und arbeitete seit 2021 im Cloudberry Collective, das antikoloniale Arbeit in Europa mit besonderem Schwerpunkt auf Sápmi unterstützt. Marina widmet sich außerdem Klimagerechtigkeit und Menschenrechten.  </p>

<p>Sie verfügt über eine breite Grundlage in kreativen Werkzeugen (Schreiben, Design, Fotografie, Illustration und Video), die sie nutzt, um Klimagerechtigkeitsperspektiven sowie den Widerstand und die Befreiung der Menschen zu berühren, herauszufordern und zu untersuchen. Der Wald und das Meer waren schon immer nah beieinander, und das Aufwachsen auf dem Land und im Einklang mit den Jahreszeiten hat Marina und ihr Engagement geprägt. Indem sie schon früh Umweltzerstörungen und entmenschlichende Angriffe in ihrer Umgebung miterlebte, begann sie, die sozialen Strukturen zu hinterfragen und zu entdecken, die lebenden Wäldern und gesunden Ozeanen entgegenwirken.  </p>

<p>Marina verfügt über einen interdisziplinären akademischen Hintergrund, der Soziologie, Geschichte, Postkolonialismus, Flüchtlingsrechte und -narrative, Umweltwissenschaften und Geschlechterstudien in den Kursen BA English mit Kreativem Schreiben und MA in Vergleichender Literaturwissenschaft umfasst. Marina studiert außerdem einen MSc Klimagerechtigkeit, in dem sie Fächer aus Menschenrechts- und Umweltwissenschaften behandelt. </p>

<p></p>

<p>Marina hat auf vielfältige Weise für den Wald gearbeitet, durch wissenschaftliche Gutachten und Schriften, das Verfassen von Dokumentationen für Kampagnen und tiefgehenden investigativen Journalismus. Sie war außerdem Kommunikatorin bei der&hellip;</p>

<!-- This site is optimized with the Yoast SEO plugin v27.4 - https://yoast.com/product/yoast-seo-wordpress/ -->
<title>Marina Ilaria - Schüzt den wald</title>
<meta name="robots" content="index, follow, max-snippet:-1, max-image-preview:large, max-video-preview:-1" />
<link rel="canonical" href="https://skyddaskogen.se/de/team/marina-ilaria/" />
<meta property="og:locale" content="de_DE" />
<meta property="og:type" content="article" />
<meta property="og:title" content="Marina Ilaria - Schüzt den wald" />
<meta property="og:description" content="Marina hat auf vielfältige Weise für den Wald gearbeitet, durch wissenschaftliche Gutachten und Schriften, das Verfassen von Dokumentationen für Kampagnen und tiefgehenden investigativen Journalismus. Sie war außerdem Kommunikatorin bei der&hellip;" />
<meta property="og:url" content="https://skyddaskogen.se/de/team/marina-ilaria/" />
<meta property="og:site_name" content="Schüzt den wald" />
<meta property="article:publisher" content="https://www.facebook.com/groups/54996954022/" />
<meta property="article:modified_time" content="2026-03-25T19:27:44+00:00" />
<meta property="og:image" content="https://skyddaskogen.se/wp-content/uploads/2024/05/cropped-image-19-3.png" />
	<meta property="og:image:width" content="298" />
	<meta property="og:image:height" content="298" />
	<meta property="og:image:type" content="image/png" />
<meta name="twitter:card" content="summary_large_image" />
<meta name="twitter:site" content="@skyddaskogen" />
<meta name="twitter:label1" content="Geschätzte Lesezeit" />
	<meta name="twitter:data1" content="2 Minuten" />
<script type="application/ld+json" class="yoast-schema-graph">{"@context":"https:\/\/schema.org","@graph":[{"@type":"WebPage","@id":"https:\/\/skyddaskogen.se\/de\/team\/marina-ilaria\/","url":"https:\/\/skyddaskogen.se\/de\/team\/marina-ilaria\/","name":"Marina Ilaria - Schüzt den wald","isPartOf":{"@id":"https:\/\/skyddaskogen.se\/#website"},"primaryImageOfPage":{"@id":"https:\/\/skyddaskogen.se\/de\/team\/marina-ilaria\/#primaryimage"},"image":{"@id":"https:\/\/skyddaskogen.se\/de\/team\/marina-ilaria\/#primaryimage"},"thumbnailUrl":"https:\/\/skyddaskogen.se\/wp-content\/uploads\/2024\/05\/cropped-image-19-3.png","datePublished":"2025-11-12T23:24:33+00:00","dateModified":"2026-03-25T19:27:44+00:00","breadcrumb":{"@id":"https:\/\/skyddaskogen.se\/de\/team\/marina-ilaria\/#breadcrumb"},"inLanguage":"de","potentialAction":[{"@type":"ReadAction","target":["https:\/\/skyddaskogen.se\/de\/team\/marina-ilaria\/"]}]},{"@type":"ImageObject","inLanguage":"de","@id":"https:\/\/skyddaskogen.se\/de\/team\/marina-ilaria\/#primaryimage","url":"https:\/\/skyddaskogen.se\/wp-content\/uploads\/2024\/05\/cropped-image-19-3.png","contentUrl":"https:\/\/skyddaskogen.se\/wp-content\/uploads\/2024\/05\/cropped-image-19-3.png","width":298,"height":298},{"@type":"BreadcrumbList","@id":"https:\/\/skyddaskogen.se\/de\/team\/marina-ilaria\/#breadcrumb","itemListElement":[{"@type":"ListItem","position":1,"name":"Home","item":"https:\/\/skyddaskogen.se\/de\/schutzen-sie-den-wald\/"},{"@type":"ListItem","position":2,"name":"Team","item":"https:\/\/skyddaskogen.se\/team\/"},{"@type":"ListItem","position":3,"name":"Marina Ilaria"}]},{"@type":"WebSite","@id":"https:\/\/skyddaskogen.se\/#website","url":"https:\/\/skyddaskogen.se\/","name":"Skydda Skogen","description":"Zum Schutz alter Wälder und natürlicher Bauernhöfe","publisher":{"@id":"https:\/\/skyddaskogen.se\/#organization"},"potentialAction":[{"@type":"SearchAction","target":{"@type":"EntryPoint","urlTemplate":"https:\/\/skyddaskogen.se\/?s={search_term_string}"},"query-input":{"@type":"PropertyValueSpecification","valueRequired":true,"valueName":"search_term_string"}}],"inLanguage":"de"},{"@type":"Organization","@id":"https:\/\/skyddaskogen.se\/#organization","name":"Skydda Skogen","url":"https:\/\/skyddaskogen.se\/","logo":{"@type":"ImageObject","inLanguage":"de","@id":"https:\/\/skyddaskogen.se\/#\/schema\/logo\/image\/","url":"https:\/\/skyddaskogen.se\/wp-content\/uploads\/2020\/09\/skyddaskogen.se_favicon-1.png","contentUrl":"https:\/\/skyddaskogen.se\/wp-content\/uploads\/2020\/09\/skyddaskogen.se_favicon-1.png","width":256,"height":256,"caption":"Skydda Skogen"},"image":{"@id":"https:\/\/skyddaskogen.se\/#\/schema\/logo\/image\/"},"sameAs":["https:\/\/www.facebook.com\/groups\/54996954022\/","https:\/\/x.com\/skyddaskogen","https:\/\/www.instagram.com\/skyddaskogen\/","https:\/\/www.youtube.com\/channel\/UCHJVIc9sptUj-qPek3Imitw"]}]}</script>
<!-- / Yoast SEO plugin. -->

Marina Ilaria - Schüzt den wald

Marina hat auf vielfältige Weise für den Wald gearbeitet, durch wissenschaftliche Gutachten und Schriften, das Verfassen von Dokumentationen für Kampagnen und tiefgehenden investigativen Journalismus. Sie war außerdem Kommunikatorin bei der&hellip;

Schüzt den wald

Zum Schutz alter Wälder und natürlicher Bauernhöfe
