{"id":70269,"date":"2026-03-25T20:14:45","date_gmt":"2026-03-25T19:14:45","guid":{"rendered":"https:\/\/skyddaskogen.se\/team\/asa-lom\/"},"modified":"2026-03-25T20:27:37","modified_gmt":"2026-03-25T19:27:37","slug":"asa-lom","status":"publish","type":"cpt_team","link":"https:\/\/skyddaskogen.se\/de\/team\/asa-lom\/","title":{"rendered":"\u00c5sa Lom"},"content":{"rendered":"\n<p>Mein Name ist \u00c5sa und ich bin seit vielen Jahren in verschiedenen Klima- und Umweltfragen t\u00e4tig. In meinem Beruf als Innenarchitekt und Bauingenieur habe ich Schwierigkeiten gehabt, in einer Branche zu arbeiten, die einen erheblichen Teil des gesellschaftlichen Ressourcenbedarfs \u2013 Emissionen und Abfall \u2013 deckt. Mein Engagement im Forstproblem begann, als ich die Nachfrage nach Holzrohmaterialien erkannte, die viele Branchen haben (einschlie\u00dflich der, in der ich arbeite) und inwiefern dies eines der entscheidenden Themen unserer Zeit ist. Verf\u00fcgt \u00fcber vorherige Erfahrung als Vorstandsmitglied \u2013 f\u00fcr Protect the Forest 2022-2024, Milj\u00f6bron 2010-2014 und 2017-2019 sowie Marks Konstgrafiska Verkstad 2010-2015.   <\/p>\n","protected":false},"excerpt":{"rendered":"<p>Mein Name ist \u00c5sa und ich bin seit vielen Jahren in verschiedenen Klima- und Umweltfragen t\u00e4tig. In meinem Beruf als Innenarchitekt und Bauingenieur habe ich Schwierigkeiten gehabt, in einer Branche&hellip;<\/p>\n","protected":false},"author":32,"featured_media":70267,"comment_status":"closed","ping_status":"closed","template":"","cpt_team_group":[1495],"class_list":["post-70269","cpt_team","type-cpt_team","status-publish","has-post-thumbnail","hentry","cpt_team_group-brett"],"yoast_head":"<!-- This site is optimized with the Yoast SEO plugin v27.4 - https:\/\/yoast.com\/product\/yoast-seo-wordpress\/ -->\n<title>\u00c5sa Lom - Sch\u00fczt den wald<\/title>\n<meta name=\"robots\" content=\"index, follow, max-snippet:-1, max-image-preview:large, max-video-preview:-1\" \/>\n<link rel=\"canonical\" href=\"https:\/\/skyddaskogen.se\/de\/team\/asa-lom\/\" \/>\n<meta property=\"og:locale\" content=\"de_DE\" \/>\n<meta property=\"og:type\" content=\"article\" \/>\n<meta property=\"og:title\" content=\"\u00c5sa Lom - Sch\u00fczt den wald\" \/>\n<meta property=\"og:description\" content=\"Mein Name ist \u00c5sa und ich bin seit vielen Jahren in verschiedenen Klima- und Umweltfragen t\u00e4tig. In meinem Beruf als Innenarchitekt und Bauingenieur habe ich Schwierigkeiten gehabt, in einer Branche&hellip;\" \/>\n<meta property=\"og:url\" content=\"https:\/\/skyddaskogen.se\/de\/team\/asa-lom\/\" \/>\n<meta property=\"og:site_name\" content=\"Sch\u00fczt den wald\" \/>\n<meta property=\"article:publisher\" content=\"https:\/\/www.facebook.com\/groups\/54996954022\/\" \/>\n<meta property=\"article:modified_time\" content=\"2026-03-25T19:27:37+00:00\" \/>\n<meta property=\"og:image\" content=\"https:\/\/skyddaskogen.se\/wp-content\/uploads\/2023\/06\/lom.png\" \/>\n\t<meta property=\"og:image:width\" content=\"298\" \/>\n\t<meta property=\"og:image:height\" content=\"298\" \/>\n\t<meta property=\"og:image:type\" content=\"image\/png\" \/>\n<meta name=\"twitter:card\" content=\"summary_large_image\" \/>\n<meta name=\"twitter:site\" content=\"@skyddaskogen\" \/>\n<meta name=\"twitter:label1\" content=\"Gesch\u00e4tzte Lesezeit\" \/>\n\t<meta name=\"twitter:data1\" content=\"1\u00a0Minute\" \/>\n<script type=\"application\/ld+json\" class=\"yoast-schema-graph\">{\"@context\":\"https:\\\/\\\/schema.org\",\"@graph\":[{\"@type\":\"WebPage\",\"@id\":\"https:\\\/\\\/skyddaskogen.se\\\/de\\\/team\\\/asa-lom\\\/\",\"url\":\"https:\\\/\\\/skyddaskogen.se\\\/de\\\/team\\\/asa-lom\\\/\",\"name\":\"\u00c5sa Lom - Sch\u00fczt den wald\",\"isPartOf\":{\"@id\":\"https:\\\/\\\/skyddaskogen.se\\\/#website\"},\"primaryImageOfPage\":{\"@id\":\"https:\\\/\\\/skyddaskogen.se\\\/de\\\/team\\\/asa-lom\\\/#primaryimage\"},\"image\":{\"@id\":\"https:\\\/\\\/skyddaskogen.se\\\/de\\\/team\\\/asa-lom\\\/#primaryimage\"},\"thumbnailUrl\":\"https:\\\/\\\/skyddaskogen.se\\\/wp-content\\\/uploads\\\/2023\\\/06\\\/lom.png\",\"datePublished\":\"2026-03-25T19:14:45+00:00\",\"dateModified\":\"2026-03-25T19:27:37+00:00\",\"breadcrumb\":{\"@id\":\"https:\\\/\\\/skyddaskogen.se\\\/de\\\/team\\\/asa-lom\\\/#breadcrumb\"},\"inLanguage\":\"de\",\"potentialAction\":[{\"@type\":\"ReadAction\",\"target\":[\"https:\\\/\\\/skyddaskogen.se\\\/de\\\/team\\\/asa-lom\\\/\"]}]},{\"@type\":\"ImageObject\",\"inLanguage\":\"de\",\"@id\":\"https:\\\/\\\/skyddaskogen.se\\\/de\\\/team\\\/asa-lom\\\/#primaryimage\",\"url\":\"https:\\\/\\\/skyddaskogen.se\\\/wp-content\\\/uploads\\\/2023\\\/06\\\/lom.png\",\"contentUrl\":\"https:\\\/\\\/skyddaskogen.se\\\/wp-content\\\/uploads\\\/2023\\\/06\\\/lom.png\",\"width\":298,\"height\":298},{\"@type\":\"BreadcrumbList\",\"@id\":\"https:\\\/\\\/skyddaskogen.se\\\/de\\\/team\\\/asa-lom\\\/#breadcrumb\",\"itemListElement\":[{\"@type\":\"ListItem\",\"position\":1,\"name\":\"Home\",\"item\":\"https:\\\/\\\/skyddaskogen.se\\\/de\\\/schutzen-sie-den-wald\\\/\"},{\"@type\":\"ListItem\",\"position\":2,\"name\":\"Team\",\"item\":\"https:\\\/\\\/skyddaskogen.se\\\/team\\\/\"},{\"@type\":\"ListItem\",\"position\":3,\"name\":\"\u00c5sa Lom\"}]},{\"@type\":\"WebSite\",\"@id\":\"https:\\\/\\\/skyddaskogen.se\\\/#website\",\"url\":\"https:\\\/\\\/skyddaskogen.se\\\/\",\"name\":\"Skydda Skogen\",\"description\":\"Zum Schutz alter W\u00e4lder und nat\u00fcrlicher Bauernh\u00f6fe\",\"publisher\":{\"@id\":\"https:\\\/\\\/skyddaskogen.se\\\/#organization\"},\"potentialAction\":[{\"@type\":\"SearchAction\",\"target\":{\"@type\":\"EntryPoint\",\"urlTemplate\":\"https:\\\/\\\/skyddaskogen.se\\\/?s={search_term_string}\"},\"query-input\":{\"@type\":\"PropertyValueSpecification\",\"valueRequired\":true,\"valueName\":\"search_term_string\"}}],\"inLanguage\":\"de\"},{\"@type\":\"Organization\",\"@id\":\"https:\\\/\\\/skyddaskogen.se\\\/#organization\",\"name\":\"Skydda Skogen\",\"url\":\"https:\\\/\\\/skyddaskogen.se\\\/\",\"logo\":{\"@type\":\"ImageObject\",\"inLanguage\":\"de\",\"@id\":\"https:\\\/\\\/skyddaskogen.se\\\/#\\\/schema\\\/logo\\\/image\\\/\",\"url\":\"https:\\\/\\\/skyddaskogen.se\\\/wp-content\\\/uploads\\\/2020\\\/09\\\/skyddaskogen.se_favicon-1.png\",\"contentUrl\":\"https:\\\/\\\/skyddaskogen.se\\\/wp-content\\\/uploads\\\/2020\\\/09\\\/skyddaskogen.se_favicon-1.png\",\"width\":256,\"height\":256,\"caption\":\"Skydda Skogen\"},\"image\":{\"@id\":\"https:\\\/\\\/skyddaskogen.se\\\/#\\\/schema\\\/logo\\\/image\\\/\"},\"sameAs\":[\"https:\\\/\\\/www.facebook.com\\\/groups\\\/54996954022\\\/\",\"https:\\\/\\\/x.com\\\/skyddaskogen\",\"https:\\\/\\\/www.instagram.com\\\/skyddaskogen\\\/\",\"https:\\\/\\\/www.youtube.com\\\/channel\\\/UCHJVIc9sptUj-qPek3Imitw\"]}]}<\/script>\n<!-- \/ Yoast SEO plugin. -->","yoast_head_json":{"title":"\u00c5sa Lom - Sch\u00fczt den wald","robots":{"index":"index","follow":"follow","max-snippet":"max-snippet:-1","max-image-preview":"max-image-preview:large","max-video-preview":"max-video-preview:-1"},"canonical":"https:\/\/skyddaskogen.se\/de\/team\/asa-lom\/","og_locale":"de_DE","og_type":"article","og_title":"\u00c5sa Lom - Sch\u00fczt den wald","og_description":"Mein Name ist \u00c5sa und ich bin seit vielen Jahren in verschiedenen Klima- und Umweltfragen t\u00e4tig. In meinem Beruf als Innenarchitekt und Bauingenieur habe ich Schwierigkeiten gehabt, in einer Branche&hellip;","og_url":"https:\/\/skyddaskogen.se\/de\/team\/asa-lom\/","og_site_name":"Sch\u00fczt den wald","article_publisher":"https:\/\/www.facebook.com\/groups\/54996954022\/","article_modified_time":"2026-03-25T19:27:37+00:00","og_image":[{"width":298,"height":298,"url":"https:\/\/skyddaskogen.se\/wp-content\/uploads\/2023\/06\/lom.png","type":"image\/png"}],"twitter_card":"summary_large_image","twitter_site":"@skyddaskogen","twitter_misc":{"Gesch\u00e4tzte Lesezeit":"1\u00a0Minute"},"schema":{"@context":"https:\/\/schema.org","@graph":[{"@type":"WebPage","@id":"https:\/\/skyddaskogen.se\/de\/team\/asa-lom\/","url":"https:\/\/skyddaskogen.se\/de\/team\/asa-lom\/","name":"\u00c5sa Lom - Sch\u00fczt den wald","isPartOf":{"@id":"https:\/\/skyddaskogen.se\/#website"},"primaryImageOfPage":{"@id":"https:\/\/skyddaskogen.se\/de\/team\/asa-lom\/#primaryimage"},"image":{"@id":"https:\/\/skyddaskogen.se\/de\/team\/asa-lom\/#primaryimage"},"thumbnailUrl":"https:\/\/skyddaskogen.se\/wp-content\/uploads\/2023\/06\/lom.png","datePublished":"2026-03-25T19:14:45+00:00","dateModified":"2026-03-25T19:27:37+00:00","breadcrumb":{"@id":"https:\/\/skyddaskogen.se\/de\/team\/asa-lom\/#breadcrumb"},"inLanguage":"de","potentialAction":[{"@type":"ReadAction","target":["https:\/\/skyddaskogen.se\/de\/team\/asa-lom\/"]}]},{"@type":"ImageObject","inLanguage":"de","@id":"https:\/\/skyddaskogen.se\/de\/team\/asa-lom\/#primaryimage","url":"https:\/\/skyddaskogen.se\/wp-content\/uploads\/2023\/06\/lom.png","contentUrl":"https:\/\/skyddaskogen.se\/wp-content\/uploads\/2023\/06\/lom.png","width":298,"height":298},{"@type":"BreadcrumbList","@id":"https:\/\/skyddaskogen.se\/de\/team\/asa-lom\/#breadcrumb","itemListElement":[{"@type":"ListItem","position":1,"name":"Home","item":"https:\/\/skyddaskogen.se\/de\/schutzen-sie-den-wald\/"},{"@type":"ListItem","position":2,"name":"Team","item":"https:\/\/skyddaskogen.se\/team\/"},{"@type":"ListItem","position":3,"name":"\u00c5sa Lom"}]},{"@type":"WebSite","@id":"https:\/\/skyddaskogen.se\/#website","url":"https:\/\/skyddaskogen.se\/","name":"Skydda Skogen","description":"Zum Schutz alter W\u00e4lder und nat\u00fcrlicher Bauernh\u00f6fe","publisher":{"@id":"https:\/\/skyddaskogen.se\/#organization"},"potentialAction":[{"@type":"SearchAction","target":{"@type":"EntryPoint","urlTemplate":"https:\/\/skyddaskogen.se\/?s={search_term_string}"},"query-input":{"@type":"PropertyValueSpecification","valueRequired":true,"valueName":"search_term_string"}}],"inLanguage":"de"},{"@type":"Organization","@id":"https:\/\/skyddaskogen.se\/#organization","name":"Skydda Skogen","url":"https:\/\/skyddaskogen.se\/","logo":{"@type":"ImageObject","inLanguage":"de","@id":"https:\/\/skyddaskogen.se\/#\/schema\/logo\/image\/","url":"https:\/\/skyddaskogen.se\/wp-content\/uploads\/2020\/09\/skyddaskogen.se_favicon-1.png","contentUrl":"https:\/\/skyddaskogen.se\/wp-content\/uploads\/2020\/09\/skyddaskogen.se_favicon-1.png","width":256,"height":256,"caption":"Skydda Skogen"},"image":{"@id":"https:\/\/skyddaskogen.se\/#\/schema\/logo\/image\/"},"sameAs":["https:\/\/www.facebook.com\/groups\/54996954022\/","https:\/\/x.com\/skyddaskogen","https:\/\/www.instagram.com\/skyddaskogen\/","https:\/\/www.youtube.com\/channel\/UCHJVIc9sptUj-qPek3Imitw"]}]}},"_links":{"self":[{"href":"https:\/\/skyddaskogen.se\/de\/wp-json\/wp\/v2\/cpt_team\/70269","targetHints":{"allow":["GET"]}}],"collection":[{"href":"https:\/\/skyddaskogen.se\/de\/wp-json\/wp\/v2\/cpt_team"}],"about":[{"href":"https:\/\/skyddaskogen.se\/de\/wp-json\/wp\/v2\/types\/cpt_team"}],"author":[{"embeddable":true,"href":"https:\/\/skyddaskogen.se\/de\/wp-json\/wp\/v2\/users\/32"}],"replies":[{"embeddable":true,"href":"https:\/\/skyddaskogen.se\/de\/wp-json\/wp\/v2\/comments?post=70269"}],"wp:featuredmedia":[{"embeddable":true,"href":"https:\/\/skyddaskogen.se\/de\/wp-json\/wp\/v2\/media\/70267"}],"wp:attachment":[{"href":"https:\/\/skyddaskogen.se\/de\/wp-json\/wp\/v2\/media?parent=70269"}],"wp:term":[{"taxonomy":"cpt_team_group","embeddable":true,"href":"https:\/\/skyddaskogen.se\/de\/wp-json\/wp\/v2\/cpt_team_group?post=70269"}],"curies":[{"name":"wp","href":"https:\/\/api.w.org\/{rel}","templated":true}]}}

Åsa Lom

<p>Mein Name ist Åsa und ich bin seit vielen Jahren in verschiedenen Klima- und Umweltfragen tätig. In meinem Beruf als Innenarchitekt und Bauingenieur habe ich Schwierigkeiten gehabt, in einer Branche zu arbeiten, die einen erheblichen Teil des gesellschaftlichen Ressourcenbedarfs – Emissionen und Abfall – deckt. Mein Engagement im Forstproblem begann, als ich die Nachfrage nach Holzrohmaterialien erkannte, die viele Branchen haben (einschließlich der, in der ich arbeite) und inwiefern dies eines der entscheidenden Themen unserer Zeit ist. Verfügt über vorherige Erfahrung als Vorstandsmitglied – für Protect the Forest 2022-2024, Miljöbron 2010-2014 und 2017-2019 sowie Marks Konstgrafiska Verkstad 2010-2015.   </p>

<p>Mein Name ist Åsa und ich bin seit vielen Jahren in verschiedenen Klima- und Umweltfragen tätig. In meinem Beruf als Innenarchitekt und Bauingenieur habe ich Schwierigkeiten gehabt, in einer Branche&hellip;</p>

<!-- This site is optimized with the Yoast SEO plugin v27.4 - https://yoast.com/product/yoast-seo-wordpress/ -->
<title>Åsa Lom - Schüzt den wald</title>
<meta name="robots" content="index, follow, max-snippet:-1, max-image-preview:large, max-video-preview:-1" />
<link rel="canonical" href="https://skyddaskogen.se/de/team/asa-lom/" />
<meta property="og:locale" content="de_DE" />
<meta property="og:type" content="article" />
<meta property="og:title" content="Åsa Lom - Schüzt den wald" />
<meta property="og:description" content="Mein Name ist Åsa und ich bin seit vielen Jahren in verschiedenen Klima- und Umweltfragen tätig. In meinem Beruf als Innenarchitekt und Bauingenieur habe ich Schwierigkeiten gehabt, in einer Branche&hellip;" />
<meta property="og:url" content="https://skyddaskogen.se/de/team/asa-lom/" />
<meta property="og:site_name" content="Schüzt den wald" />
<meta property="article:publisher" content="https://www.facebook.com/groups/54996954022/" />
<meta property="article:modified_time" content="2026-03-25T19:27:37+00:00" />
<meta property="og:image" content="https://skyddaskogen.se/wp-content/uploads/2023/06/lom.png" />
	<meta property="og:image:width" content="298" />
	<meta property="og:image:height" content="298" />
	<meta property="og:image:type" content="image/png" />
<meta name="twitter:card" content="summary_large_image" />
<meta name="twitter:site" content="@skyddaskogen" />
<meta name="twitter:label1" content="Geschätzte Lesezeit" />
	<meta name="twitter:data1" content="1 Minute" />
<script type="application/ld+json" class="yoast-schema-graph">{"@context":"https:\/\/schema.org","@graph":[{"@type":"WebPage","@id":"https:\/\/skyddaskogen.se\/de\/team\/asa-lom\/","url":"https:\/\/skyddaskogen.se\/de\/team\/asa-lom\/","name":"Åsa Lom - Schüzt den wald","isPartOf":{"@id":"https:\/\/skyddaskogen.se\/#website"},"primaryImageOfPage":{"@id":"https:\/\/skyddaskogen.se\/de\/team\/asa-lom\/#primaryimage"},"image":{"@id":"https:\/\/skyddaskogen.se\/de\/team\/asa-lom\/#primaryimage"},"thumbnailUrl":"https:\/\/skyddaskogen.se\/wp-content\/uploads\/2023\/06\/lom.png","datePublished":"2026-03-25T19:14:45+00:00","dateModified":"2026-03-25T19:27:37+00:00","breadcrumb":{"@id":"https:\/\/skyddaskogen.se\/de\/team\/asa-lom\/#breadcrumb"},"inLanguage":"de","potentialAction":[{"@type":"ReadAction","target":["https:\/\/skyddaskogen.se\/de\/team\/asa-lom\/"]}]},{"@type":"ImageObject","inLanguage":"de","@id":"https:\/\/skyddaskogen.se\/de\/team\/asa-lom\/#primaryimage","url":"https:\/\/skyddaskogen.se\/wp-content\/uploads\/2023\/06\/lom.png","contentUrl":"https:\/\/skyddaskogen.se\/wp-content\/uploads\/2023\/06\/lom.png","width":298,"height":298},{"@type":"BreadcrumbList","@id":"https:\/\/skyddaskogen.se\/de\/team\/asa-lom\/#breadcrumb","itemListElement":[{"@type":"ListItem","position":1,"name":"Home","item":"https:\/\/skyddaskogen.se\/de\/schutzen-sie-den-wald\/"},{"@type":"ListItem","position":2,"name":"Team","item":"https:\/\/skyddaskogen.se\/team\/"},{"@type":"ListItem","position":3,"name":"Åsa Lom"}]},{"@type":"WebSite","@id":"https:\/\/skyddaskogen.se\/#website","url":"https:\/\/skyddaskogen.se\/","name":"Skydda Skogen","description":"Zum Schutz alter Wälder und natürlicher Bauernhöfe","publisher":{"@id":"https:\/\/skyddaskogen.se\/#organization"},"potentialAction":[{"@type":"SearchAction","target":{"@type":"EntryPoint","urlTemplate":"https:\/\/skyddaskogen.se\/?s={search_term_string}"},"query-input":{"@type":"PropertyValueSpecification","valueRequired":true,"valueName":"search_term_string"}}],"inLanguage":"de"},{"@type":"Organization","@id":"https:\/\/skyddaskogen.se\/#organization","name":"Skydda Skogen","url":"https:\/\/skyddaskogen.se\/","logo":{"@type":"ImageObject","inLanguage":"de","@id":"https:\/\/skyddaskogen.se\/#\/schema\/logo\/image\/","url":"https:\/\/skyddaskogen.se\/wp-content\/uploads\/2020\/09\/skyddaskogen.se_favicon-1.png","contentUrl":"https:\/\/skyddaskogen.se\/wp-content\/uploads\/2020\/09\/skyddaskogen.se_favicon-1.png","width":256,"height":256,"caption":"Skydda Skogen"},"image":{"@id":"https:\/\/skyddaskogen.se\/#\/schema\/logo\/image\/"},"sameAs":["https:\/\/www.facebook.com\/groups\/54996954022\/","https:\/\/x.com\/skyddaskogen","https:\/\/www.instagram.com\/skyddaskogen\/","https:\/\/www.youtube.com\/channel\/UCHJVIc9sptUj-qPek3Imitw"]}]}</script>
<!-- / Yoast SEO plugin. -->

Åsa Lom - Schüzt den wald

Mein Name ist Åsa und ich bin seit vielen Jahren in verschiedenen Klima- und Umweltfragen tätig. In meinem Beruf als Innenarchitekt und Bauingenieur habe ich Schwierigkeiten gehabt, in einer Branche&hellip;

Schüzt den wald

Zum Schutz alter Wälder und natürlicher Bauernhöfe
