{"id":70579,"date":"2026-03-29T18:09:37","date_gmt":"2026-03-29T16:09:37","guid":{"rendered":"https:\/\/skyddaskogen.se\/team\/asa-svensson\/"},"modified":"2026-04-01T23:39:22","modified_gmt":"2026-04-01T21:39:22","slug":"asa-svensson","status":"publish","type":"cpt_team","link":"https:\/\/skyddaskogen.se\/de\/team\/asa-svensson\/","title":{"rendered":"\u00c5sa Svensson"},"content":{"rendered":"\n<p>\u00c5sa Svensson wurde in Stockholm geboren und wuchs dort auf und besitzt einen Bachelor-Abschluss in Betriebswirtschaft und Systemwissenschaft von der Universit\u00e4t Stockholm. Sie wurde 2026 in den Vorstand gew\u00e4hlt. Die Aufgabe als W\u00e4chterin des Waldes ist ihre erste Vorstandsposition in einer gemeinn\u00fctzigen Vereinigung. \u00c5sa arbeitet als Systementwickler. Sie teilt ihre Zeit zwischen einer Wohnung in Stockholm und einem kleinen Haus in Bergslagen auf. In ihrer Freizeit l\u00e4sst sie ihren Computer gerne stehen, um im Wald und auf den Feldern zu sein. Das Gef\u00fchl, dass mit der Waldpflege etwas nicht stimmt, ist gewachsen, da immer mehr Kahlf\u00e4lle in den W\u00e4ldern, in denen sie sich bewegt, aufgetaucht sind.        <\/p>\n","protected":false},"excerpt":{"rendered":"<p>\u00c5sa Svensson wurde in Stockholm geboren und wuchs dort auf und besitzt einen Bachelor-Abschluss in Betriebswirtschaft und Systemwissenschaft von der Universit\u00e4t Stockholm. Sie wurde 2026 in den Vorstand gew\u00e4hlt. Die&hellip;<\/p>\n","protected":false},"author":32,"featured_media":70577,"comment_status":"closed","ping_status":"closed","template":"","cpt_team_group":[1495],"class_list":["post-70579","cpt_team","type-cpt_team","status-publish","has-post-thumbnail","hentry","cpt_team_group-brett"],"yoast_head":"<!-- This site is optimized with the Yoast SEO plugin v27.4 - https:\/\/yoast.com\/product\/yoast-seo-wordpress\/ -->\n<title>\u00c5sa Svensson - Sch\u00fczt den wald<\/title>\n<meta name=\"robots\" content=\"index, follow, max-snippet:-1, max-image-preview:large, max-video-preview:-1\" \/>\n<link rel=\"canonical\" href=\"https:\/\/skyddaskogen.se\/de\/team\/asa-svensson\/\" \/>\n<meta property=\"og:locale\" content=\"de_DE\" \/>\n<meta property=\"og:type\" content=\"article\" \/>\n<meta property=\"og:title\" content=\"\u00c5sa Svensson - Sch\u00fczt den wald\" \/>\n<meta property=\"og:description\" content=\"\u00c5sa Svensson wurde in Stockholm geboren und wuchs dort auf und besitzt einen Bachelor-Abschluss in Betriebswirtschaft und Systemwissenschaft von der Universit\u00e4t Stockholm. Sie wurde 2026 in den Vorstand gew\u00e4hlt. Die&hellip;\" \/>\n<meta property=\"og:url\" content=\"https:\/\/skyddaskogen.se\/de\/team\/asa-svensson\/\" \/>\n<meta property=\"og:site_name\" content=\"Sch\u00fczt den wald\" \/>\n<meta property=\"article:publisher\" content=\"https:\/\/www.facebook.com\/groups\/54996954022\/\" \/>\n<meta property=\"article:modified_time\" content=\"2026-04-01T21:39:22+00:00\" \/>\n<meta property=\"og:image\" content=\"https:\/\/skyddaskogen.se\/wp-content\/uploads\/2026\/03\/asasvensson.png\" \/>\n\t<meta property=\"og:image:width\" content=\"298\" \/>\n\t<meta property=\"og:image:height\" content=\"298\" \/>\n\t<meta property=\"og:image:type\" content=\"image\/png\" \/>\n<meta name=\"twitter:card\" content=\"summary_large_image\" \/>\n<meta name=\"twitter:site\" content=\"@skyddaskogen\" \/>\n<meta name=\"twitter:label1\" content=\"Gesch\u00e4tzte Lesezeit\" \/>\n\t<meta name=\"twitter:data1\" content=\"1\u00a0Minute\" \/>\n<script type=\"application\/ld+json\" class=\"yoast-schema-graph\">{\"@context\":\"https:\\\/\\\/schema.org\",\"@graph\":[{\"@type\":\"WebPage\",\"@id\":\"https:\\\/\\\/skyddaskogen.se\\\/de\\\/team\\\/asa-svensson\\\/\",\"url\":\"https:\\\/\\\/skyddaskogen.se\\\/de\\\/team\\\/asa-svensson\\\/\",\"name\":\"\u00c5sa Svensson - Sch\u00fczt den wald\",\"isPartOf\":{\"@id\":\"https:\\\/\\\/skyddaskogen.se\\\/#website\"},\"primaryImageOfPage\":{\"@id\":\"https:\\\/\\\/skyddaskogen.se\\\/de\\\/team\\\/asa-svensson\\\/#primaryimage\"},\"image\":{\"@id\":\"https:\\\/\\\/skyddaskogen.se\\\/de\\\/team\\\/asa-svensson\\\/#primaryimage\"},\"thumbnailUrl\":\"https:\\\/\\\/skyddaskogen.se\\\/wp-content\\\/uploads\\\/2026\\\/03\\\/asasvensson.png\",\"datePublished\":\"2026-03-29T16:09:37+00:00\",\"dateModified\":\"2026-04-01T21:39:22+00:00\",\"breadcrumb\":{\"@id\":\"https:\\\/\\\/skyddaskogen.se\\\/de\\\/team\\\/asa-svensson\\\/#breadcrumb\"},\"inLanguage\":\"de\",\"potentialAction\":[{\"@type\":\"ReadAction\",\"target\":[\"https:\\\/\\\/skyddaskogen.se\\\/de\\\/team\\\/asa-svensson\\\/\"]}]},{\"@type\":\"ImageObject\",\"inLanguage\":\"de\",\"@id\":\"https:\\\/\\\/skyddaskogen.se\\\/de\\\/team\\\/asa-svensson\\\/#primaryimage\",\"url\":\"https:\\\/\\\/skyddaskogen.se\\\/wp-content\\\/uploads\\\/2026\\\/03\\\/asasvensson.png\",\"contentUrl\":\"https:\\\/\\\/skyddaskogen.se\\\/wp-content\\\/uploads\\\/2026\\\/03\\\/asasvensson.png\",\"width\":298,\"height\":298},{\"@type\":\"BreadcrumbList\",\"@id\":\"https:\\\/\\\/skyddaskogen.se\\\/de\\\/team\\\/asa-svensson\\\/#breadcrumb\",\"itemListElement\":[{\"@type\":\"ListItem\",\"position\":1,\"name\":\"Home\",\"item\":\"https:\\\/\\\/skyddaskogen.se\\\/de\\\/schutzen-sie-den-wald\\\/\"},{\"@type\":\"ListItem\",\"position\":2,\"name\":\"Team\",\"item\":\"https:\\\/\\\/skyddaskogen.se\\\/team\\\/\"},{\"@type\":\"ListItem\",\"position\":3,\"name\":\"\u00c5sa Svensson\"}]},{\"@type\":\"WebSite\",\"@id\":\"https:\\\/\\\/skyddaskogen.se\\\/#website\",\"url\":\"https:\\\/\\\/skyddaskogen.se\\\/\",\"name\":\"Skydda Skogen\",\"description\":\"Zum Schutz alter W\u00e4lder und nat\u00fcrlicher Bauernh\u00f6fe\",\"publisher\":{\"@id\":\"https:\\\/\\\/skyddaskogen.se\\\/#organization\"},\"potentialAction\":[{\"@type\":\"SearchAction\",\"target\":{\"@type\":\"EntryPoint\",\"urlTemplate\":\"https:\\\/\\\/skyddaskogen.se\\\/?s={search_term_string}\"},\"query-input\":{\"@type\":\"PropertyValueSpecification\",\"valueRequired\":true,\"valueName\":\"search_term_string\"}}],\"inLanguage\":\"de\"},{\"@type\":\"Organization\",\"@id\":\"https:\\\/\\\/skyddaskogen.se\\\/#organization\",\"name\":\"Skydda Skogen\",\"url\":\"https:\\\/\\\/skyddaskogen.se\\\/\",\"logo\":{\"@type\":\"ImageObject\",\"inLanguage\":\"de\",\"@id\":\"https:\\\/\\\/skyddaskogen.se\\\/#\\\/schema\\\/logo\\\/image\\\/\",\"url\":\"https:\\\/\\\/skyddaskogen.se\\\/wp-content\\\/uploads\\\/2020\\\/09\\\/skyddaskogen.se_favicon-1.png\",\"contentUrl\":\"https:\\\/\\\/skyddaskogen.se\\\/wp-content\\\/uploads\\\/2020\\\/09\\\/skyddaskogen.se_favicon-1.png\",\"width\":256,\"height\":256,\"caption\":\"Skydda Skogen\"},\"image\":{\"@id\":\"https:\\\/\\\/skyddaskogen.se\\\/#\\\/schema\\\/logo\\\/image\\\/\"},\"sameAs\":[\"https:\\\/\\\/www.facebook.com\\\/groups\\\/54996954022\\\/\",\"https:\\\/\\\/x.com\\\/skyddaskogen\",\"https:\\\/\\\/www.instagram.com\\\/skyddaskogen\\\/\",\"https:\\\/\\\/www.youtube.com\\\/channel\\\/UCHJVIc9sptUj-qPek3Imitw\"]}]}<\/script>\n<!-- \/ Yoast SEO plugin. -->","yoast_head_json":{"title":"\u00c5sa Svensson - Sch\u00fczt den wald","robots":{"index":"index","follow":"follow","max-snippet":"max-snippet:-1","max-image-preview":"max-image-preview:large","max-video-preview":"max-video-preview:-1"},"canonical":"https:\/\/skyddaskogen.se\/de\/team\/asa-svensson\/","og_locale":"de_DE","og_type":"article","og_title":"\u00c5sa Svensson - Sch\u00fczt den wald","og_description":"\u00c5sa Svensson wurde in Stockholm geboren und wuchs dort auf und besitzt einen Bachelor-Abschluss in Betriebswirtschaft und Systemwissenschaft von der Universit\u00e4t Stockholm. Sie wurde 2026 in den Vorstand gew\u00e4hlt. Die&hellip;","og_url":"https:\/\/skyddaskogen.se\/de\/team\/asa-svensson\/","og_site_name":"Sch\u00fczt den wald","article_publisher":"https:\/\/www.facebook.com\/groups\/54996954022\/","article_modified_time":"2026-04-01T21:39:22+00:00","og_image":[{"width":298,"height":298,"url":"https:\/\/skyddaskogen.se\/wp-content\/uploads\/2026\/03\/asasvensson.png","type":"image\/png"}],"twitter_card":"summary_large_image","twitter_site":"@skyddaskogen","twitter_misc":{"Gesch\u00e4tzte Lesezeit":"1\u00a0Minute"},"schema":{"@context":"https:\/\/schema.org","@graph":[{"@type":"WebPage","@id":"https:\/\/skyddaskogen.se\/de\/team\/asa-svensson\/","url":"https:\/\/skyddaskogen.se\/de\/team\/asa-svensson\/","name":"\u00c5sa Svensson - Sch\u00fczt den wald","isPartOf":{"@id":"https:\/\/skyddaskogen.se\/#website"},"primaryImageOfPage":{"@id":"https:\/\/skyddaskogen.se\/de\/team\/asa-svensson\/#primaryimage"},"image":{"@id":"https:\/\/skyddaskogen.se\/de\/team\/asa-svensson\/#primaryimage"},"thumbnailUrl":"https:\/\/skyddaskogen.se\/wp-content\/uploads\/2026\/03\/asasvensson.png","datePublished":"2026-03-29T16:09:37+00:00","dateModified":"2026-04-01T21:39:22+00:00","breadcrumb":{"@id":"https:\/\/skyddaskogen.se\/de\/team\/asa-svensson\/#breadcrumb"},"inLanguage":"de","potentialAction":[{"@type":"ReadAction","target":["https:\/\/skyddaskogen.se\/de\/team\/asa-svensson\/"]}]},{"@type":"ImageObject","inLanguage":"de","@id":"https:\/\/skyddaskogen.se\/de\/team\/asa-svensson\/#primaryimage","url":"https:\/\/skyddaskogen.se\/wp-content\/uploads\/2026\/03\/asasvensson.png","contentUrl":"https:\/\/skyddaskogen.se\/wp-content\/uploads\/2026\/03\/asasvensson.png","width":298,"height":298},{"@type":"BreadcrumbList","@id":"https:\/\/skyddaskogen.se\/de\/team\/asa-svensson\/#breadcrumb","itemListElement":[{"@type":"ListItem","position":1,"name":"Home","item":"https:\/\/skyddaskogen.se\/de\/schutzen-sie-den-wald\/"},{"@type":"ListItem","position":2,"name":"Team","item":"https:\/\/skyddaskogen.se\/team\/"},{"@type":"ListItem","position":3,"name":"\u00c5sa Svensson"}]},{"@type":"WebSite","@id":"https:\/\/skyddaskogen.se\/#website","url":"https:\/\/skyddaskogen.se\/","name":"Skydda Skogen","description":"Zum Schutz alter W\u00e4lder und nat\u00fcrlicher Bauernh\u00f6fe","publisher":{"@id":"https:\/\/skyddaskogen.se\/#organization"},"potentialAction":[{"@type":"SearchAction","target":{"@type":"EntryPoint","urlTemplate":"https:\/\/skyddaskogen.se\/?s={search_term_string}"},"query-input":{"@type":"PropertyValueSpecification","valueRequired":true,"valueName":"search_term_string"}}],"inLanguage":"de"},{"@type":"Organization","@id":"https:\/\/skyddaskogen.se\/#organization","name":"Skydda Skogen","url":"https:\/\/skyddaskogen.se\/","logo":{"@type":"ImageObject","inLanguage":"de","@id":"https:\/\/skyddaskogen.se\/#\/schema\/logo\/image\/","url":"https:\/\/skyddaskogen.se\/wp-content\/uploads\/2020\/09\/skyddaskogen.se_favicon-1.png","contentUrl":"https:\/\/skyddaskogen.se\/wp-content\/uploads\/2020\/09\/skyddaskogen.se_favicon-1.png","width":256,"height":256,"caption":"Skydda Skogen"},"image":{"@id":"https:\/\/skyddaskogen.se\/#\/schema\/logo\/image\/"},"sameAs":["https:\/\/www.facebook.com\/groups\/54996954022\/","https:\/\/x.com\/skyddaskogen","https:\/\/www.instagram.com\/skyddaskogen\/","https:\/\/www.youtube.com\/channel\/UCHJVIc9sptUj-qPek3Imitw"]}]}},"_links":{"self":[{"href":"https:\/\/skyddaskogen.se\/de\/wp-json\/wp\/v2\/cpt_team\/70579","targetHints":{"allow":["GET"]}}],"collection":[{"href":"https:\/\/skyddaskogen.se\/de\/wp-json\/wp\/v2\/cpt_team"}],"about":[{"href":"https:\/\/skyddaskogen.se\/de\/wp-json\/wp\/v2\/types\/cpt_team"}],"author":[{"embeddable":true,"href":"https:\/\/skyddaskogen.se\/de\/wp-json\/wp\/v2\/users\/32"}],"replies":[{"embeddable":true,"href":"https:\/\/skyddaskogen.se\/de\/wp-json\/wp\/v2\/comments?post=70579"}],"wp:featuredmedia":[{"embeddable":true,"href":"https:\/\/skyddaskogen.se\/de\/wp-json\/wp\/v2\/media\/70577"}],"wp:attachment":[{"href":"https:\/\/skyddaskogen.se\/de\/wp-json\/wp\/v2\/media?parent=70579"}],"wp:term":[{"taxonomy":"cpt_team_group","embeddable":true,"href":"https:\/\/skyddaskogen.se\/de\/wp-json\/wp\/v2\/cpt_team_group?post=70579"}],"curies":[{"name":"wp","href":"https:\/\/api.w.org\/{rel}","templated":true}]}}

Åsa Svensson

<p>Åsa Svensson wurde in Stockholm geboren und wuchs dort auf und besitzt einen Bachelor-Abschluss in Betriebswirtschaft und Systemwissenschaft von der Universität Stockholm. Sie wurde 2026 in den Vorstand gewählt. Die Aufgabe als Wächterin des Waldes ist ihre erste Vorstandsposition in einer gemeinnützigen Vereinigung. Åsa arbeitet als Systementwickler. Sie teilt ihre Zeit zwischen einer Wohnung in Stockholm und einem kleinen Haus in Bergslagen auf. In ihrer Freizeit lässt sie ihren Computer gerne stehen, um im Wald und auf den Feldern zu sein. Das Gefühl, dass mit der Waldpflege etwas nicht stimmt, ist gewachsen, da immer mehr Kahlfälle in den Wäldern, in denen sie sich bewegt, aufgetaucht sind.        </p>

<p>Åsa Svensson wurde in Stockholm geboren und wuchs dort auf und besitzt einen Bachelor-Abschluss in Betriebswirtschaft und Systemwissenschaft von der Universität Stockholm. Sie wurde 2026 in den Vorstand gewählt. Die&hellip;</p>

<!-- This site is optimized with the Yoast SEO plugin v27.4 - https://yoast.com/product/yoast-seo-wordpress/ -->
<title>Åsa Svensson - Schüzt den wald</title>
<meta name="robots" content="index, follow, max-snippet:-1, max-image-preview:large, max-video-preview:-1" />
<link rel="canonical" href="https://skyddaskogen.se/de/team/asa-svensson/" />
<meta property="og:locale" content="de_DE" />
<meta property="og:type" content="article" />
<meta property="og:title" content="Åsa Svensson - Schüzt den wald" />
<meta property="og:description" content="Åsa Svensson wurde in Stockholm geboren und wuchs dort auf und besitzt einen Bachelor-Abschluss in Betriebswirtschaft und Systemwissenschaft von der Universität Stockholm. Sie wurde 2026 in den Vorstand gewählt. Die&hellip;" />
<meta property="og:url" content="https://skyddaskogen.se/de/team/asa-svensson/" />
<meta property="og:site_name" content="Schüzt den wald" />
<meta property="article:publisher" content="https://www.facebook.com/groups/54996954022/" />
<meta property="article:modified_time" content="2026-04-01T21:39:22+00:00" />
<meta property="og:image" content="https://skyddaskogen.se/wp-content/uploads/2026/03/asasvensson.png" />
	<meta property="og:image:width" content="298" />
	<meta property="og:image:height" content="298" />
	<meta property="og:image:type" content="image/png" />
<meta name="twitter:card" content="summary_large_image" />
<meta name="twitter:site" content="@skyddaskogen" />
<meta name="twitter:label1" content="Geschätzte Lesezeit" />
	<meta name="twitter:data1" content="1 Minute" />
<script type="application/ld+json" class="yoast-schema-graph">{"@context":"https:\/\/schema.org","@graph":[{"@type":"WebPage","@id":"https:\/\/skyddaskogen.se\/de\/team\/asa-svensson\/","url":"https:\/\/skyddaskogen.se\/de\/team\/asa-svensson\/","name":"Åsa Svensson - Schüzt den wald","isPartOf":{"@id":"https:\/\/skyddaskogen.se\/#website"},"primaryImageOfPage":{"@id":"https:\/\/skyddaskogen.se\/de\/team\/asa-svensson\/#primaryimage"},"image":{"@id":"https:\/\/skyddaskogen.se\/de\/team\/asa-svensson\/#primaryimage"},"thumbnailUrl":"https:\/\/skyddaskogen.se\/wp-content\/uploads\/2026\/03\/asasvensson.png","datePublished":"2026-03-29T16:09:37+00:00","dateModified":"2026-04-01T21:39:22+00:00","breadcrumb":{"@id":"https:\/\/skyddaskogen.se\/de\/team\/asa-svensson\/#breadcrumb"},"inLanguage":"de","potentialAction":[{"@type":"ReadAction","target":["https:\/\/skyddaskogen.se\/de\/team\/asa-svensson\/"]}]},{"@type":"ImageObject","inLanguage":"de","@id":"https:\/\/skyddaskogen.se\/de\/team\/asa-svensson\/#primaryimage","url":"https:\/\/skyddaskogen.se\/wp-content\/uploads\/2026\/03\/asasvensson.png","contentUrl":"https:\/\/skyddaskogen.se\/wp-content\/uploads\/2026\/03\/asasvensson.png","width":298,"height":298},{"@type":"BreadcrumbList","@id":"https:\/\/skyddaskogen.se\/de\/team\/asa-svensson\/#breadcrumb","itemListElement":[{"@type":"ListItem","position":1,"name":"Home","item":"https:\/\/skyddaskogen.se\/de\/schutzen-sie-den-wald\/"},{"@type":"ListItem","position":2,"name":"Team","item":"https:\/\/skyddaskogen.se\/team\/"},{"@type":"ListItem","position":3,"name":"Åsa Svensson"}]},{"@type":"WebSite","@id":"https:\/\/skyddaskogen.se\/#website","url":"https:\/\/skyddaskogen.se\/","name":"Skydda Skogen","description":"Zum Schutz alter Wälder und natürlicher Bauernhöfe","publisher":{"@id":"https:\/\/skyddaskogen.se\/#organization"},"potentialAction":[{"@type":"SearchAction","target":{"@type":"EntryPoint","urlTemplate":"https:\/\/skyddaskogen.se\/?s={search_term_string}"},"query-input":{"@type":"PropertyValueSpecification","valueRequired":true,"valueName":"search_term_string"}}],"inLanguage":"de"},{"@type":"Organization","@id":"https:\/\/skyddaskogen.se\/#organization","name":"Skydda Skogen","url":"https:\/\/skyddaskogen.se\/","logo":{"@type":"ImageObject","inLanguage":"de","@id":"https:\/\/skyddaskogen.se\/#\/schema\/logo\/image\/","url":"https:\/\/skyddaskogen.se\/wp-content\/uploads\/2020\/09\/skyddaskogen.se_favicon-1.png","contentUrl":"https:\/\/skyddaskogen.se\/wp-content\/uploads\/2020\/09\/skyddaskogen.se_favicon-1.png","width":256,"height":256,"caption":"Skydda Skogen"},"image":{"@id":"https:\/\/skyddaskogen.se\/#\/schema\/logo\/image\/"},"sameAs":["https:\/\/www.facebook.com\/groups\/54996954022\/","https:\/\/x.com\/skyddaskogen","https:\/\/www.instagram.com\/skyddaskogen\/","https:\/\/www.youtube.com\/channel\/UCHJVIc9sptUj-qPek3Imitw"]}]}</script>
<!-- / Yoast SEO plugin. -->

Åsa Svensson - Schüzt den wald

Åsa Svensson wurde in Stockholm geboren und wuchs dort auf und besitzt einen Bachelor-Abschluss in Betriebswirtschaft und Systemwissenschaft von der Universität Stockholm. Sie wurde 2026 in den Vorstand gewählt. Die&hellip;

Schüzt den wald

Zum Schutz alter Wälder und natürlicher Bauernhöfe
